What is the greatest common factor of 56 and 38094?
14
Calculate the highest common divisor of 2838 and 8184.
66
Calculate the greatest common divisor of 19886 and 5978.
122
What is the greatest common factor of 806848 and 21?
7
What is the greatest common divisor of 2644650 and 54?
54
Calculate the highest common factor of 17200 and 39044.
172
What is the greatest common divisor of 3681 and 276893?
409
Calculate the highest common divisor of 85032 and 2088.
72
What is the greatest common factor of 3604 and 476?
68
What is the greatest common divisor of 75887 and 777?
259
Calculate the greatest common factor of 6213 and 1653.
57
What is the highest common factor of 319888 and 16?
16
Calculate the greatest common factor of 700 and 43100.
100
What is the highest common factor of 2474010 and 54?
54
What is the highest common factor of 13408 and 84638?
838
Calculate the greatest common factor of 4 and 1137908.
4
Calculate the highest common divisor of 16646 and 1414.
14
What is the greatest common factor of 222 and 149406?
222
Calculate the greatest common factor of 14833 and 1793.
163
Calculate the highest common divisor of 7003064 and 148.
148
What is the highest common divisor of 9 and 471819?
3
What is the greatest common divisor of 324742 and 232?
58
What is the highest common divisor of 533 and 383309?
41
Calculate the greatest common factor of 4585989 and 723.
723
Calculate the highest common factor of 336 and 11728.
16
What is the highest common factor of 68780 and 665?
95
What is the highest common factor of 160 and 1931260?
20
Calculate the highest common factor of 18915 and 795.
15
What is the greatest common factor of 48 and 41892?
12
Calculate the greatest common factor of 4981160 and 40.
40
Calculate the highest common divisor of 175 and 21287.
7
What is the greatest common factor of 410078 and 5306?
758
Calculate the greatest common factor of 5532966 and 8046.
2682
What is the highest common factor of 430552 and 8?
8
Calculate the greatest common factor of 48011 and 41.
41
What is the highest common factor of 53853 and 261?
87
What is the highest common factor of 5916 and 276?
12
Calculate the highest common factor of 34828 and 4.
4
What is the greatest common factor of 4246 and 363?
11
What is the highest common divisor of 419015 and 463?
463
What is the greatest common factor of 7381 and 2623?
61
What is the greatest common factor of 3249 and 969?
57
Calculate the highest common factor of 342883 and 164.
41
What is the highest common factor of 1032 and 1092?
12
Calculate the greatest common divisor of 47768 and 1456.
56
What is the greatest common divisor of 4 and 84820?
4
What is the highest common divisor of 3450 and 67758?
138
What is the greatest common factor of 286905 and 465?
465
Calculate the greatest common factor of 370 and 8843.
37
What is the greatest common divisor of 1903 and 13667?
173
What is the greatest common factor of 1589 and 9761?
227
Calculate the highest common factor of 407 and 25971.
11
Calculate the greatest common factor of 396 and 21516.
132
What is the greatest common factor of 49 and 37?
1
Calculate the highest common divisor of 738311 and 21.
7
Calculate the highest common factor of 31203 and 15.
3
What is the greatest common divisor of 99018 and 162?
18
What is the highest common factor of 14010 and 750?
30
Calculate the highest common divisor of 4851 and 2070054.
441
What is the greatest common factor of 369 and 1012659?
123
Calculate the highest common factor of 102 and 1572.
6
Calculate the greatest common divisor of 278 and 397957.
139
What is the highest common divisor of 8133749 and 403?
403
What is the greatest common divisor of 9231 and 8869?
181
Calculate the greatest common factor of 216 and 100728.
72
Calculate the highest common factor of 38642 and 4.
2
What is the highest common factor of 36 and 24534?
18
What is the greatest common factor of 5607 and 612?
9
What is the highest common divisor of 2000 and 650?
50
Calculate the greatest common factor of 4048 and 10978.
22
What is the highest common factor of 5 and 60205?
5
Calculate the greatest common divisor of 750 and 903250.
250
Calculate the greatest common factor of 204 and 33728.
68
Calculate the greatest common factor of 146363 and 309.
103
What is the greatest common factor of 6656 and 154856?
104
What is the greatest common divisor of 26600 and 36050?
350
What is the greatest common divisor of 1332 and 5892768?
1332
Calculate the greatest common factor of 2409 and 2877149.
803
Calculate the greatest common divisor of 112 and 49744.
16
What is the highest common factor of 6835 and 65?
5
Calculate the greatest common factor of 121343 and 10.
1
What is the highest common divisor of 139 and 329291?
139
What is the highest common divisor of 9 and 33309?
9
What is the highest common factor of 4070 and 66970?
370
Calculate the greatest common divisor of 13297148 and 43.
43
Calculate the greatest common divisor of 429 and 235235.
143
What is the highest common factor of 17066 and 43148?
322
Calculate the highest common factor of 4 and 29996.
4
What is the highest common factor of 75396 and 488?
244
Calculate the highest common factor of 154 and 270578.
154
Calculate the greatest common divisor of 2148 and 196.
4
Calculate the greatest common divisor of 600049 and 47.
47
What is the greatest common divisor of 134 and 450441?
67
Calculate the greatest common divisor of 1524 and 2604.
12
Calculate the highest common factor of 42957 and 555.
111
Calculate the greatest common factor of 144060 and 300.
60
What is the highest common factor of 1368 and 26424?
72
Calculate the greatest common divisor of 31720 and 640.
40
Calculate the highest common factor of 11363 and 242.
11
Calculate the highest common divisor of 2498595 and 285.
285
Calculate the greatest common factor of 40 and 2828690.
10
Calculate the greatest common factor of 23260 and 30.
10
Calculate the highest common divisor of 7990 and 37600.
470
Calculate the highest common factor of 1677 and 10621.
559
Calculate the greatest common factor of 8 and 3245432.
8
Calculate the highest common divisor of 282 and 17460.
6
What is the greatest common factor of 47035 and 90?
5
What is the greatest common divisor of 72350 and 30?
10
What is the highest common factor of 1565368 and 56?
56
What is the greatest common divisor of 32415 and 185?
5
What is the highest common factor of 95 and 203015?
95
Calculate the highest common divisor of 134 and 277246.
134
What is the greatest common divisor of 4010968 and 104?
104
What is the greatest common factor of 61842 and 1650?
66
Calculate the greatest common factor of 19 and 323171.
19
What is the greatest common divisor of 177562 and 154?
154
Calculate the greatest common divisor of 12738 and 6864.
66
Calculate the highest common divisor of 203810 and 712.
178
What is the greatest common factor of 1840 and 1160?
40
Calculate the highest common factor of 2125 and 6035.
85
What is the highest common factor of 576 and 75104?
32
What is the highest common divisor of 33085 and 104?
13
What is the highest common divisor of 9186563 and 43?
43
What is the greatest common divisor of 2337 and 6273?
123
What is the greatest common factor of 19 and 59261?
19
Calculate the greatest common factor of 2 and 16811.
1
Calculate the greatest common divisor of 16899 and 2451.
129
What is the greatest common divisor of 3369 and 33?
3
What is the highest common divisor of 43344 and 86?
86
Calculate the greatest common divisor of 53522 and 84.
14
What is the greatest common divisor of 136 and 17792?
8
What is the greatest common factor of 2403 and 837?
27
What is the highest common divisor of 182858 and 494?
26
Calculate the highest common divisor of 23940 and 225.
45
Calculate the greatest common divisor of 86 and 858839.
43
What is the greatest common factor of 1583432 and 172?
172
What is the highest common divisor of 696 and 469800?
696
Calculate the greatest common factor of 642 and 6848.
214
What is the greatest common factor of 1805044 and 3732?
1244
What is the highest common divisor of 8 and 3204?
4
What is the greatest common divisor of 39785 and 265?
5
Calculate the greatest common divisor of 19664 and 6752.
16
Calculate the greatest common factor of 2273